nder when 2701016 is divided by 1653.
14
Calculate the remainder when 22216 is divided by 4212.
1156
What is the remainder when 78135 is divided by 674?
625
What is the remainder when 160546 is divided by 529?
259
Calculate the remainder when 174557 is divided by 174490.
67
What is the remainder when 8408492 is divided by 300303?
8
What is the remainder when 694529801 is divided by 37?
26
Calculate the remainder when 9592306 is divided by 5105.
11
What is the remainder when 93970038 is divided by 11?
8
Calculate the remainder when 6226750 is divided by 135364.
6
Calculate the remainder when 174626 is divided by 7206.
1682
What is the remainder when 105102983 is divided by 1444?
1443
What is the remainder when 90305 is divided by 1645?
1475
What is the remainder when 8719741 is divided by 207611?
79
Calculate the remainder when 1089978 is divided by 28680.
138
What is the remainder when 10711522 is divided by 892626?
10
What is the remainder when 211041 is divided by 25740?
5121
What is the remainder when 174031932 is divided by 21?
18
Calculate the remainder when 1480665 is divided by 3638.
3637
Calculate the remainder when 5295054 is divided by 96272.
94
What is the remainder when 47194 is divided by 327?
106
What is the remainder when 6786963 is divided by 109464?
195
What is the remainder when 1333797 is divided by 104?
101
What is the remainder when 593072 is divided by 197556?
404
What is the remainder when 574720 is divided by 1346?
1324
Calculate the remainder when 624462 is divided by 141.
114
Calculate the remainder when 823524 is divided by 7918.
52
Calculate the remainder when 55641 is divided by 6725.
1841
Calculate the remainder when 94768536 is divided by 406.
16
Calculate the remainder when 64520919 is divided by 488.
487
Calculate the remainder when 2158261 is divided by 51.
43
What is the remainder when 12863758 is divided by 156?
154
Calculate the remainder when 5186 is divided by 887.
751
What is the remainder when 4648333 is divided by 4647894?
439
What is the remainder when 183583 is divided by 1062?
919
Calculate the remainder when 262926 is divided by 913.
895
What is the remainder when 143393 is divided by 9568?
9441
Calculate the remainder when 120774301 is divided by 224.
221
What is the remainder when 92587 is divided by 4018?
173
Calculate the remainder when 10400328 is divided by 1062.
162
What is the remainder when 134699 is divided by 898?
897
What is the remainder when 18758215 is divided by 1049?
1046
What is the remainder when 178078 is divided by 418?
10
Calculate the remainder when 412148 is divided by 4158.
506
Calculate the remainder when 104189224 is divided by 35.
34
Calculate the remainder when 3270782 is divided by 3400.
3382
Calculate the remainder when 109527 is divided by 21809.
482
Calculate the remainder when 128032 is divided by 8533.
37
Calculate the remainder when 6172 is divided by 490.
292
What is the remainder when 10532161 is divided by 92?
1
What is the remainder when 564375 is divided by 152?
151
Calculate the remainder when 79698 is divided by 3230.
2178
What is the remainder when 1017289523 is divided by 5?
3
Calculate the remainder when 99450 is divided by 730.
170
Calculate the remainder when 91294181 is divided by 2766490.
11
Calculate the remainder when 27279805 is divided by 146.
143
Calculate the remainder when 672447 is divided by 168107.
19
Calculate the remainder when 119235386 is divided by 43.
41
What is the remainder when 164697 is divided by 862?
55
Calculate the remainder when 9041095 is divided by 11.
8
What is the remainder when 41418077 is divided by 1760?
1757
Calculate the remainder when 47344 is divided by 5909.
72
Calculate the remainder when 6072986 is divided by 1066.
1050
Calculate the remainder when 2202105 is divided by 519.
507
Calculate the remainder when 124999 is divided by 62206.
587
What is the remainder when 1098148 is divided by 121?
73
What is the remainder when 15462311 is divided by 11?
7
What is the remainder when 6715773 is divided by 11?
9
What is the remainder when 17255843 is divided by 67?
60
What is the remainder when 630581 is divided by 210078?
347
What is the remainder when 3217237 is divided by 1851?
199
What is the remainder when 84781396 is divided by 29?
12
Calculate the remainder when 170844 is divided by 534.
498
What is the remainder when 320594 is divided by 89?
16
Calculate the remainder when 28086359 is divided by 60.
59
Calculate the remainder when 22467 is divided by 681.
675
Calculate the remainder when 429477 is divided by 1760.
37
What is the remainder when 2024632 is divided by 46014?
16
Calculate the remainder when 1096504 is divided by 11075.
79
Calculate the remainder when 3776041 is divided by 371.
3
What is the remainder when 7012215 is divided by 10838?
29
Calculate the remainder when 15246187 is divided by 42.
19
What is the remainder when 66524 is divided by 637?
276
What is the remainder when 137077837 is divided by 45692585?
82
What is the remainder when 505108 is divided by 499429?
5679
Calculate the remainder when 3607192 is divided by 107.
8
What is the remainder when 128032845 is divided by 3?
0
Calculate the remainder when 69397 is divided by 593.
16
Calculate the remainder when 280745 is divided by 181.
14
Calculate the remainder when 59654 is divided by 2154.
1496
What is the remainder when 198923 is divided by 1915?
1678
Calculate the remainder when 46641513 is divided by 5830188.
9
Calculate the remainder when 83508770 is divided by 820.
790
Calculate the remainder when 1624622 is divided by 15.
2
Calculate the remainder when 37063812 is divided by 3088649.
24
Calculate the remainder when 6810800 is divided by 2270263.
11
Calculate the remainder when 332444 is divided by 8982.
110
What is the remainder when 207989 is divided by 803?
12
Calculate the remainder when 290636 is divided by 290488.
148
Calculate the remainder when 491434 is divided by 76.
18
What is the remainder when 11805 is divided by 11607?
198
What is the remainder when 19602490 is divided by 1676?
1670
What is the remainder when 1612192 is divided by 12897?
67
Calculate the remainder when 53557830 is divided by 5950870.
0
Calculate the remainder when 5561591 is divided by 4135.
16
Calculate the remainder when 3127971 is divided by 2055.
261
What is the remainder when 1535356 is divided by 368?
60
Calculate the remainder when 29022823 is divided by 9674271.
10
Calculate the remainder when 18912201 is divided by 9.
6
Calculate the remainder when 2438774 is divided by 76.
10
What is the remainder when 53574024 is divided by 17857989?
57
Calculate the remainder when 817195 is divided by 73986.
3349
What is the remainder when 74643 is divided by 8?
3
What is the remainder when 150457 is divided by 2313?
112
What is the remainder when 6401143 is divided by 352?
23
What is the remainder when 449453 is divided by 49?
25
What is the remainder when 340096 is divided by 113241?
373
What is the remainder when 21305839 is divided by 304?
303
Calculate the remainder when 2698416 is divided by 537.
528
Calculate the remainder when 10015830 is divided by 122144.
22
Calculate the remainder when 180547 is divided by 38.
9
Calculate the remainder when 776768 is divided by 258917.
17
What is the remainder when 14536 is divided by 1116?
28
What is the remainder when 1602803 is divided by 2532?
47
Calculate the remainder when 9171709 is divided by 704.
701
What is the remainder when 72112 is divided by 192?
112
What is the remainder when 435236 is divided by 435022?
214
What is the remainder when 18221420 is divided by 40947?
5
Calculate the remainder when 86486605 is divided by 3758.
3751
What is the remainder when 21577 is divided by 9789?
1999
What is the remainder when 944010 is divided by 94345?
560
What is the remainder when 391082 is divided by 96981?
3158
What is the remainder when 1534026 is divided by 766948?
130
Calculate the remainder when 27186549 is divided by 3469.
3465
Calculate the remainder when 59814 is divided by 3500.
314
Calculate the remainder when 460312 is divided by 669.
40
What is the remainder when 31824 is divided by 1511?
93
What is the remainder when 131557 is divided by 43827?
76
What is the remainder when 559045989 is divid